{"id":330,"date":"2016-02-29T13:10:37","date_gmt":"2016-02-29T13:10:37","guid":{"rendered":"http:\/\/test.kriesi.at\/travel\/?page_id=2"},"modified":"2025-11-03T15:51:20","modified_gmt":"2025-11-03T14:51:20","slug":"welcome","status":"publish","type":"page","link":"https:\/\/herzpraxis-oberland.ch\/","title":{"rendered":"Home"},"content":{"rendered":"<div id='full_slider_1'  class='avia-fullwidth-slider main_color avia-shadow   avia-builder-el-0  el_before_av_section  avia-builder-el-first   container_wrap sidebar_right'  ><div   data-size='featured_large'  data-lightbox_size='large'  data-animation='fade'  data-conditional_play=''  data-ids='1273,1207'  data-video_counter='0'  data-autoplay='false'  data-bg_slider='false'  data-slide_height=''  data-handle='av_slideshow_full'  data-interval='6'  data-class=' '  data-el_id=''  data-css_id=''  data-scroll_down=''  data-control_layout='av-control-minimal'  data-custom_markup=''  data-perma_caption=''  data-autoplay_stopper=''  data-image_attachment=''  data-min_height='0px'  data-lazy_loading='disabled'  data-src=''  data-position='top left'  data-repeat='no-repeat'  data-attach='scroll'  data-stretch=''  data-default-height='42'  class='avia-slideshow avia-slideshow-1  av-control-minimal av-default-height-applied avia-slideshow-featured_large av_slideshow_full   avia-fade-slider '  itemprop=\"image\" itemscope=\"itemscope\" itemtype=\"https:\/\/schema.org\/ImageObject\" ><ul class='avia-slideshow-inner ' style='padding-bottom: 42%;' ><li  class=' slide-1 ' ><div data-rel='slideshow-1' class='avia-slide-wrap '   ><div class = \"caption_fullwidth av-slideshow-caption caption_left\"><div class = \"container caption_container\"><div class = \"slideshow_caption\"><div class = \"slideshow_inner_caption\"><div class = \"slideshow_align_caption\"><a href='https:\/\/herzpraxis-oberland.ch\/?page_id=954'  class='avia-slideshow-button avia-button avia-color-theme-color ' data-duration='800' data-easing='easeInOutQuad'>Machen jetzt Sie einen Termin ab<\/a><\/div><\/div><\/div><\/div><\/div><img class=\"wp-image-1273 avia-img-lazy-loading-not-1273\"  src=\"https:\/\/herzpraxis-oberland.ch\/wp-content\/uploads\/2021\/09\/HomeStartFoto-1500x630.jpg\" width=\"1500\" height=\"630\" title='HomeStartFoto' alt=''  itemprop=\"thumbnailUrl\"   \/><\/div><\/li><li  class=' slide-2 ' ><div data-rel='slideshow-1' class='avia-slide-wrap '   ><div class = \"caption_fullwidth av-slideshow-caption caption_left\"><div class = \"container caption_container\"><div class = \"slideshow_caption\"><div class = \"slideshow_inner_caption\"><div class = \"slideshow_align_caption\"><a href='https:\/\/herzpraxis-oberland.ch\/?page_id=954'  class='avia-slideshow-button avia-button avia-color-theme-color ' data-duration='800' data-easing='easeInOutQuad'>Machen Sie jetzt einen Termin ab<\/a><\/div><\/div><\/div><\/div><\/div><img class=\"wp-image-1207 avia-img-lazy-loading-not-1207\"  src=\"https:\/\/herzpraxis-oberland.ch\/wp-content\/uploads\/2021\/09\/ArztAssistentin.jpg\" width=\"1004\" height=\"612\" title='ArztAssistentin' alt=''  itemprop=\"thumbnailUrl\" srcset=\"https:\/\/herzpraxis-oberland.ch\/wp-content\/uploads\/2021\/09\/ArztAssistentin.jpg 1004w, https:\/\/herzpraxis-oberland.ch\/wp-content\/uploads\/2021\/09\/ArztAssistentin-300x183.jpg 300w, https:\/\/herzpraxis-oberland.ch\/wp-content\/uploads\/2021\/09\/ArztAssistentin-768x468.jpg 768w, https:\/\/herzpraxis-oberland.ch\/wp-content\/uploads\/2021\/09\/ArztAssistentin-705x430.jpg 705w\" sizes=\"(max-width: 1004px) 100vw, 1004px\" \/><\/div><\/li><\/ul><div class='avia-slideshow-arrows avia-slideshow-controls' ><a href='#prev' class='prev-slide ' aria-hidden='true' data-av_icon='\ue87c' data-av_iconfont='entypo-fontello' aria-hidden='true' tabindex='-1'>Zur\u00fcck<\/a><a href='#next' class='next-slide ' aria-hidden='true' data-av_icon='\ue87d' data-av_iconfont='entypo-fontello' aria-hidden='true' tabindex='-1'>Weiter<\/a><\/div><div class='avia-slideshow-dots avia-slideshow-controls'><a href='#1' class='goto-slide active' >1<\/a><a href='#2' class='goto-slide ' >2<\/a><\/div><\/div><\/div>\n<div id='av_section_1'  class='avia-section av-c276h6-cd4d4b08065a75621e3036a03d4ab3bd main_color avia-section-huge avia-no-border-styling  avia-builder-el-1  el_after_av_slideshow_full  avia-builder-el-last  avia-bg-style-scroll  container_wrap sidebar_right'  ><div class='container av-section-cont-open' ><div class='template-page content  av-content-small alpha units'><div class='post-entry post-entry-type-page post-entry-330'><div class='entry-content-wrapper clearfix'>\n\n<style type=\"text\/css\" id=\"style-css-av-8w1ebe-6a6ab9cf03309c5ca77767cbc52beeea\">\n.hr.av-8w1ebe-6a6ab9cf03309c5ca77767cbc52beeea{\nheight:100px;\n}\n<\/style>\n<div  class='hr av-8w1ebe-6a6ab9cf03309c5ca77767cbc52beeea hr-invisible  avia-builder-el-2  el_before_av_one_half  avia-builder-el-first  '><span class='hr-inner '><span class=\"hr-inner-style\"><\/span><\/span><\/div>\n<div class='flex_column av-8ouyay-d3b8168e10b72ac9b8d894857d490b9b av_one_half  avia-builder-el-3  el_after_av_hr  el_before_av_one_half  first flex_column_div '   ><style type=\"text\/css\" id=\"style-css-av-8j9o5u-05cb6771384d616f552effe99b1ec40a\">\n.iconbox.av-8j9o5u-05cb6771384d616f552effe99b1ec40a .iconbox_icon{\nbackground-color:#38a1d9;\n}\n<\/style>\n<article  class=\"iconbox iconbox_left_content av-8j9o5u-05cb6771384d616f552effe99b1ec40a  avia-builder-el-4  avia-builder-el-no-sibling  \"  itemscope=\"itemscope\" itemtype=\"https:\/\/schema.org\/CreativeWork\" ><div class=\"iconbox_icon heading-color\" aria-hidden='true' data-av_icon='\uf107' data-av_iconfont='medical'><\/div><div class=\"iconbox_content\"><header class=\"entry-content-header\"><h3 class='iconbox_content_title  '  itemprop=\"headline\" >Einfache Anmeldung<\/h3><\/header><div class='iconbox_content_container  '  itemprop=\"text\" ><p>Anmeldungen vorzugsweise \u00fcber Ihren Hausarzt oder falls Sie keinen Hausarzt haben auch direkt via <a href=\"https:\/\/herzpraxis-oberland.ch\/?page_id=954\">Kontakt-Seite<\/a>.<\/p>\n<\/div><\/div><footer class=\"entry-footer\"><\/footer><\/article><\/div>\n<style type=\"text\/css\" id=\"style-css-av-8b6lrm-99848f7af98dad785afd0f3553350686\">\n#top .flex_column.av-8b6lrm-99848f7af98dad785afd0f3553350686{\nborder-radius:0px;\n-webkit-border-radius:0px;\n-moz-border-radius:0px;\npadding:0px;\n}\n<\/style>\n<div class='flex_column av-8b6lrm-99848f7af98dad785afd0f3553350686 av_one_half  avia-builder-el-5  el_after_av_one_half  el_before_av_one_half  flex_column_div av-zero-column-padding '   ><style type=\"text\/css\" id=\"style-css-av-88ermq-bed7c80f8ed35d5090cb9ae03c516625\">\n.iconbox.av-88ermq-bed7c80f8ed35d5090cb9ae03c516625 .iconbox_icon{\nbackground-color:#38a1d9;\n}\n<\/style>\n<article  class=\"iconbox iconbox_left_content av-88ermq-bed7c80f8ed35d5090cb9ae03c516625  avia-builder-el-6  avia-builder-el-no-sibling  \"  itemscope=\"itemscope\" itemtype=\"https:\/\/schema.org\/CreativeWork\" ><div class=\"iconbox_icon heading-color\" aria-hidden='true' data-av_icon='\uf124' data-av_iconfont='medical'><\/div><div class=\"iconbox_content\"><header class=\"entry-content-header\"><h3 class='iconbox_content_title  '  itemprop=\"headline\" >Moderne Ausr\u00fcstung<\/h3><\/header><div class='iconbox_content_container  '  itemprop=\"text\" ><p>Wir haben die Praxis mit den neuesten Ger\u00e4ten ausger\u00fcstet.<\/p>\n<\/div><\/div><footer class=\"entry-footer\"><\/footer><\/article><\/div>\n<style type=\"text\/css\" id=\"style-css-av-7zdwey-fe566e2b5d88bcbede0a23162202022c\">\n#top .flex_column.av-7zdwey-fe566e2b5d88bcbede0a23162202022c{\nborder-radius:0px;\n-webkit-border-radius:0px;\n-moz-border-radius:0px;\npadding:0px;\n}\n<\/style>\n<div class='flex_column av-7zdwey-fe566e2b5d88bcbede0a23162202022c av_one_half  avia-builder-el-7  el_after_av_one_half  el_before_av_one_half  first flex_column_div av-zero-column-padding column-top-margin'   ><style type=\"text\/css\" id=\"style-css-av-7x48lm-665a2433d7f64cbf77e3cfaab82d50a8\">\n.iconbox.av-7x48lm-665a2433d7f64cbf77e3cfaab82d50a8 .iconbox_icon{\nbackground-color:#38a1d9;\n}\n<\/style>\n<article  class=\"iconbox iconbox_left_content av-7x48lm-665a2433d7f64cbf77e3cfaab82d50a8  avia-builder-el-8  avia-builder-el-no-sibling  \"  itemscope=\"itemscope\" itemtype=\"https:\/\/schema.org\/CreativeWork\" ><div class=\"iconbox_icon heading-color\" aria-hidden='true' data-av_icon='\ue80b' data-av_iconfont='entypo-fontello'><\/div><div class=\"iconbox_content\"><header class=\"entry-content-header\"><h3 class='iconbox_content_title  '  itemprop=\"headline\" >Pers\u00f6nliche Betreuung<\/h3><\/header><div class='iconbox_content_container  '  itemprop=\"text\" ><p>Dr. med. et phil. nat. Inderm\u00fchle betreut Sie in der Praxis und im Spital pers\u00f6nlich und kompetent in seinem Spezialgebiet der invasiven Kardiologie. Der Vorteil f\u00fcr die Patienten ist die Vorbesprechung\u00a0 in der Praxis in Spiez, die Untersuchung und Intervention im Lindenhof wird von ihm selber durchgef\u00fchrt und die Nachbetreuung findet entweder in der Praxis in Spiez oder bei dem nachbetreuenden Kardiologen statt.<\/p>\n<\/div><\/div><footer class=\"entry-footer\"><\/footer><\/article><\/div>\n<style type=\"text\/css\" id=\"style-css-av-riu0a-823d25767ee21672e811918b055651cc\">\n#top .flex_column.av-riu0a-823d25767ee21672e811918b055651cc{\nborder-radius:0px;\n-webkit-border-radius:0px;\n-moz-border-radius:0px;\npadding:0px;\n}\n<\/style>\n<div class='flex_column av-riu0a-823d25767ee21672e811918b055651cc av_one_half  avia-builder-el-9  el_after_av_one_half  el_before_av_hr  flex_column_div av-zero-column-padding column-top-margin'   ><style type=\"text\/css\" id=\"style-css-av-7glwrm-881c1b33a45f141ab3ddace48d33afc6\">\n.iconbox.av-7glwrm-881c1b33a45f141ab3ddace48d33afc6 .iconbox_icon{\nbackground-color:#38a1d9;\n}\n<\/style>\n<article  class=\"iconbox iconbox_left_content av-7glwrm-881c1b33a45f141ab3ddace48d33afc6  avia-builder-el-10  avia-builder-el-no-sibling  \"  itemscope=\"itemscope\" itemtype=\"https:\/\/schema.org\/CreativeWork\" ><div class=\"iconbox_icon heading-color\" aria-hidden='true' data-av_icon='\uf12e' data-av_iconfont='medical'><\/div><div class=\"iconbox_content\"><header class=\"entry-content-header\"><h3 class='iconbox_content_title  '  itemprop=\"headline\" >Angebot<\/h3><\/header><div class='iconbox_content_container  '  itemprop=\"text\" ><p>Wir bieten Ihnen eine kardiologische Rundumversorgung an mit Fokus auf invasive Kardiologie.<\/p>\n<\/div><\/div><footer class=\"entry-footer\"><\/footer><\/article><\/div>\n<style type=\"text\/css\" id=\"style-css-av-7anguy-2879e0ea7c6e58daf98fa5a08061db36\">\n.hr.av-7anguy-2879e0ea7c6e58daf98fa5a08061db36{\nmargin-top:70px;\nmargin-bottom:70px;\n}\n.hr.av-7anguy-2879e0ea7c6e58daf98fa5a08061db36 .hr-inner{\nwidth:50px;\nborder-color:#40a8e4;\n}\n<\/style>\n<div  class='hr av-7anguy-2879e0ea7c6e58daf98fa5a08061db36 hr-custom  avia-builder-el-11  el_after_av_one_half  avia-builder-el-last  hr-center hr-icon-no '><span class='hr-inner inner-border-av-border-fat'><span class=\"hr-inner-style\"><\/span><\/span><\/div>\n<\/div><\/div><\/div><!-- close content main div --><\/div><\/div><div id='after_section_1'  class='main_color av_default_container_wrap container_wrap sidebar_right'  ><div class='container av-section-cont-open' ><div class='template-page content  av-content-small alpha units'><div class='post-entry post-entry-type-page post-entry-330'><div class='entry-content-wrapper clearfix'>\n","protected":false},"excerpt":{"rendered":"","protected":false},"author":1,"featured_media":0,"parent":0,"menu_order":0,"comment_status":"closed","ping_status":"open","template":"","meta":[],"_links":{"self":[{"href":"https:\/\/herzpraxis-oberland.ch\/index.php?rest_route=\/wp\/v2\/pages\/330"}],"collection":[{"href":"https:\/\/herzpraxis-oberland.ch\/index.php?rest_route=\/wp\/v2\/pages"}],"about":[{"href":"https:\/\/herzpraxis-oberland.ch\/index.php?rest_route=\/wp\/v2\/types\/page"}],"author":[{"embeddable":true,"href":"https:\/\/herzpraxis-oberland.ch\/index.php?rest_route=\/wp\/v2\/users\/1"}],"replies":[{"embeddable":true,"href":"https:\/\/herzpraxis-oberland.ch\/index.php?rest_route=%2Fwp%2Fv2%2Fcomments&post=330"}],"version-history":[{"count":69,"href":"https:\/\/herzpraxis-oberland.ch\/index.php?rest_route=\/wp\/v2\/pages\/330\/revisions"}],"predecessor-version":[{"id":1465,"href":"https:\/\/herzpraxis-oberland.ch\/index.php?rest_route=\/wp\/v2\/pages\/330\/revisions\/1465"}],"wp:attachment":[{"href":"https:\/\/herzpraxis-oberland.ch\/index.php?rest_route=%2Fwp%2Fv2%2Fmedia&parent=330"}],"curies":[{"name":"wp","href":"https:\/\/api.w.org\/{rel}","templated":true}]}}